. Let v = 0 - u. Let k(m) = 1 + 6*m + 10*m**3 - m**2 + 2*m - 9*m. What is k(v)?
9
Let s(w) = 5*w**2 - 11*w + 4. Let x(h) = -9*h**2 + 21*h - 7. Let d(c) = -11*s(c) - 6*x(c). Give d(-3).
4
Let u(d) be the second derivative of -d**4/12 + d**3/2 - 3*d**2/2 + d. What is u(2)?
-1
Let l = -34 - -37. Let a(k) = k**2 - k - 3. Calculate a(l).
3
Let p(w) = -31 - 38 - w - 38 + 100. Suppose 0 = -2*s - 12 - 0. Calculate p(s).
-1
Suppose 0 = i + n - 3, 5*n = -2*i - 2*i + 14. Let q(a) = -2*a**2 - a + 1. Give q(i).
-2
Let d be (-14)/(-4)*(-18)/(-21). Let v(r) = -r**3 + 2*r**2 - 3*r + 4. What is v(d)?
-14
Let p(n) = 2*n + 9. Suppose 2*d - 6*d = 2*g + 34, 0 = 5*d + g + 35. Calculate p(d).
-3
Let i(c) = -5*c + 3. Let f be i(-3). Let m be f/(-4)*(-4)/(-6). Let g(s) be the second derivative of -s**5/20 - 5*s**4/12 - s**3/2 + s**2 + 2*s. Give g(m).
-7
Let d(f) = 1 + 4*f + 2 + 1. Suppose -34 + 26 = 2*u. Calculate d(u).
-12
Let b(l) = -l**3 + 4*l**2 + 5*l + 2. Suppose 0 + 3 = o. Let k(m) = m**3 - m**2 - 3*m - 4. Let w be k(o). What is b(w)?
2
Let y(b) = -b**2 + 8*b. Let f be y(7). Let x(k) = k + 2 - k**2 + 0 - f*k + 1. Calculate x(-6).
3
Let n(d) be the third derivative of d**4/24 - 5*d**3/6 - 2*d**2. What is n(4)?
-1
Let u be 5 - (1 + (-8)/(-4)). Let q(l) = -11 + u + l + 8. Give q(6).
5
Let b(y) = 2*y + 3. Let z(j) = -2*j - 4. Suppose -20 = -5*r, -4*v = v + 2*r + 17. Let c(g) = v*z(g) - 6*b(g). Let w be 0/(-2) + -3 + 7. Calculate c(w).
-6
Let b(r) = -13*r**3 - 33*r**2 - 8*r - 12. Suppose -15*c + 12*c - 27 = 0. Let v(w) = -3*w**3 - 8*w**2 - 2*w - 3. Let s(m) = c*v(m) + 2*b(m). What is s(-5)?
18
Let b(x) = -3*x**2 - 5*x. Let u(a) = 4*a**2 + 5*a - 1. Let o(s) = 5*b(s) + 4*u(s). Let t be o(5). Let p(w) = -w - 3. Give p(t).
1
Let i(p) = 50*p - 1 - 50*p + 5*p**2. Determine i(-1).
4
Suppose -f + 2 = -3. Suppose 4 = 4*a + 4*r, 2*r - 37 = f*a - 7. Let o(j) = -j. Let v(k) = -3*k + 4. Let c(n) = 5*o(n) - v(n). Determine c(a).
4
Let k(b) be the second derivative of -b**4/6 + b**2 - 7*b. Determine k(-2).
-6
Let p(i) be the second derivative of -i**4/6 - i**3/2 + 3*i**2/2 - 25*i. Let s(n) = n - 1. Let m be s(-2). Give p(m).
-6
Let i be (-2 - -4) + 9/3. Let n(o) = -o + 9. Let t be n(i). Let k(g) = -g**3 + 5*g**2 - 2*g - 5. Give k(t).
3
Let l(y) = -y**3 + 7*y**2 - 7*y + 5. Suppose -21 = -b - 5*q - 0*q, 0 = 3*b - 5*q - 3. Determine l(b).
-1
Let r = -30 - -18. Let x be (6/(-5))/(r/40). Let i(k) = 7*k**3 - 3*k**2 - k - 11. Let c(j) = -3*j**3 + j**2 + 5. Let p(g) = -9*c(g) - 4*i(g). Give p(x).
-1
Let a(i) = -i. Let b(h) = -11*h + 3*h - 7 + 3*h. Let t(l) = -4*a(l) + b(l). Determine t(0).
-7
Let i(o) = 8*o**3 + 5*o**2 + 11*o + 14. Let w(l) = -3*l**3 - 2*l**2 - 4*l - 5. Let q(v) = -4*i(v) - 11*w(v). What is q(-1)?
0
Let m(n) = -6*n**2 - 8*n - 2. Let u(c) = 7*c**2 + 9*c + 2. Let y(l) = 6*m(l) + 5*u(l). Determine y(-2).
0
Let r(x) = -7*x**2 - 5*x - 5. Let s(f) = 7*f**2 + 4*f + 4. Let q(p) = 4*r(p) + 5*s(p). Determine q(-1).
7
Let n(l) = -l**2 + 7*l + 6. Let y be n(8). Let m = y - -4. Let j(u) = -u**3 - 3*u + 3. What is j(m)?
-11
Let n(s) = 2*s**2 - 3*s + 2. Suppose 2*t + 0*t - 2 = 0. Let a be (2 - 1)*t*2. Give n(a).
4
Suppose 0 = -l + 3 - 1. Let p(g) = -2 + g**2 + 5*g + 2*g**l + 3*g - 4*g**2. Determine p(6).
10
Let l(j) = -16 + 0*j + 5*j + 0*j + 18 + j**2. Suppose 2*u + 0*u = y - 7, -5*u + 2*y = 17. Give l(u).
-4
Let q = 20 + -11. Let l(y) = -9 + q - 2*y - 2. Determine l(2).
-6
Let v(y) = -3*y + 7*y + 0*y + 7 - 17. Calculate v(7).
18
Let p = 22 - 20. Let r(y) = -5 + 0*y**2 - 2*y**2 + y**p - 4*y + 2*y**2. Give r(5).
0
Suppose -2*j = -0 - 4. Let x(l) = -l**3 - 4*l**j - 9*l - l + 9*l - 4. Let a be 14/(-4) - 2/4. What is x(a)?
0
Let n(h) = -h + 13. Let l be n(10). Suppose z = -l*z + 4. Let k(x) = -x + 3 - z + 2*x. Give k(-4).
-2
Let h be 12/9*(-12)/(-8). Let d = h - 5. Let n(c) = 2*c + 2. Determine n(d).
-4
Let q(z) = -3*z + 3*z + 0 + 3 - z. What is q(6)?
-3
Let t(a) = a**3 - 5*a**2 - a + 7. Suppose -3*b - 35 = -4*v, v + 0*b = 5*b + 30. Give t(v).
2
Let i(o) = -o - 3. Let z be ((-4)/5)/(2/10). Give i(z).
1
Let n(i) be the third derivative of -i**4/24 - i**3/6 + 8*i**2. Give n(7).
-8
Let n(q) be the second derivative of q**6/120 + q**5/30 - q**4/6 - q**3/2 - 3*q**2/2 - 5*q. Let u(p) be the first derivative of n(p). Calculate u(-3).
0
Let n(c) be the second derivative of c**4/12 - c**3/3 + c**2 - 2*c. Let t be n(3). Let r(j) = 2*j - 2 - 2 + 3. Calculate r(t).
9
Let b(o) be the first derivative of -10*o**2 + o + 2. Determine b(1).
-19
Let a(f) = 2*f + 2. Let o = -124 - -126. Determine a(o).
6
Suppose -3*s + 22 = -4*o - 8, 0 = 5*s - 3*o - 50. Let h(y) = -5*y**2 - 2*y - 1. Let g be h(-1). Let q be 18/g*s/(-15). Let d(x) = 2*x - 1. Determine d(q).
5
Let w(q) be the third derivative of -1/8*q**4 + 2/3*q**3 + 4*q**2 + 1/15*q**5 - 1/120*q**6 + 0*q + 0. Give w(3).
4
Let x be (-4)/14 + (-45)/(-35). Let p(m) = 2*m**2 - m**2 - m - 5*m - x. Determine p(4).
-9
Let x(h) = -h**2 + 11*h - 12. Let s(p) = p**2 - 12*p + 13. Let y(u) = -6*s(u) - 7*x(u). Let d = -11 + 36. Suppose 4*t - d = -t. Give y(t).
6
Let x(l) = l + 12. Let w be x(0). Suppose -7*n = -3*n - w. Let k(o) = o + o**2 - 3*o - 2*o - o. Determine k(n).
-6
Let b = -14 - -16. Suppose b*r - 1 = -9. Let h(q) = q + 3. What is h(r)?
-1
Suppose -6*d = -d. Let b = d + -2. Let n(f) = -39*f - 41*f + 84*f. Calculate n(b).
-8
Let y(r) = 4*r - 2. Let j = 9 + -5. Suppose -j*m = -0*g - 4*g - 12, 0 = m + 2*g. Let q be (m + -4)*(-2)/2. Determine y(q).
6
Suppose -2*o - 7 = -19. Let v(x) = -8*x**2 - 4 - 13*x + 2*x**2 + x**3 + 12*x. Calculate v(o).
-10
Let f(i) = 2*i**2 - 2*i - 15. Let u(m) = m**2 - m - 8. Let g(y) = -2*f(y) + 5*u(y). Let l be -3 - 3*(1 - 2). Give g(l).
-10
Let o(s) be the first derivative of s**4/4 + 5*s**3/3 - 6*s - 8. What is o(-5)?
-6
Suppose 0 = -16*r + 7*r + 18. Let q(o) be the second derivative of 3/2*o**r + 0 - o - 7/6*o**3 + 1/12*o**4. Give q(6).
-3
Let f(o) = o**2 + 4*o + 3. Let v be f(-3). Let h = 2 - v. Let i(s) = -s**3 + s + 2. Determine i(h).
-4
Let m(g) = -1. Let u(t) = t - 2. Let n(y) = 5*m(y) - u(y). Let p be (-2)/(3*6/(-9)). Let h = p + 2. Give n(h).
-6
Let v(x) be the first derivative of -2*x**3 + 3 + x**2 - 1/4*x**4 + 7*x. Determine v(-6).
-5
Let l(h) be the second derivative of 1/12*h**4 + 1/60*h**5 - h**2 + 2*h + 1/6*h**3 + 0. Let m(c) be the first derivative of l(c). Calculate m(-3).
4
Let a(u) = 5*u**2 + 2*u + 1. Let y be a(-1). Let q(h) = 5*h - 1. Let l(o) = -4*o + 1. Let f(p) = y*l(p) + 3*q(p). Determine f(-2).
3
Let r(m) be the second derivative of m**6/120 - m**5/120 - m**4/24 - m**3/3 + 10*m. Let z(v) be the second derivative of r(v). Calculate z(-2).
13
Let c(v) be the first derivative of -5*v**2/2 - 2*v - 142. Let w be -1 + 1 - (2 - 0). Calculate c(w).
8
Let s(i) be the first derivative of -i**3/6 - i**2 + i + 4. Let d(p) be the first derivative of s(p). Determine d(5).
-7
Let t(o) be the third derivative of 1/15*o**5 + 0 - 2*o**2 - 1/120*o**6 - 1/3*o**3 + 0*o - 1/24*o**4. Suppose 3*j + 0*j = 12. Give t(j).
-6
Let l(p) = -p**2 - 1. Let c be l(0). Let d(n) be the third derivative of 0*n - 4*n**2 - 2/15*n**5 + 0*n**4 + 0 - 1/6*n**3. Calculate d(c).
-9
Suppose -2*k - 5 = 4*d - 5*d, 5*k = -5. Let f(n) = 0 - 3*n - 6 + 2 + d. Calculate f(-4).
11
Let w be (0 - -1)*-1 - 0. Let i(u) = -5*u**2 - u + 2*u**2 - 5*u**3 + u**2 + 0*u**2. Determine i(w).
4
Let y be (-1 + 2)/((-5)/(-10)). Let r(w) be the first derivative of 3*w**y + 9 - w**2 - 7 - w. Give r(-1).
-5
Let v be 8/5*(-85)/34. Let h(y) = y**3 + 3*y**2 - 3*y - 2. Give h(v).
-6
Let i(h) = 5*h**2 - h - 1. Let d(j) = -4*j**2 + 2*j + 1. Let r(g) = 6*d(g) + 5*i(g). Give r(-3).
-11
Suppose 0 = -h + s - 2*s, -4*s - 16 = 0. Let a(b) = 7*b**2 - 3*b**2 - b**2 - 3*b + 0*b**2. Let v(j) = 2*j**2 - 3*j. Let f(t) = h*a(t) - 5*v(t). Determine f(-2).
2
Let p = -5 - -9. Let l(v) = -1 - 2*v + 0 + 3. Let q(g) = 1. Let y(m) = l(m) + 2*q(m). What is y(p)?
-4
Suppose -2*x - 2*x + a + 27 = 0, -3*a = -4*x + 33. Let n(p) = p + x*p - 6*p. Let g be (-4)/(-14) - 2/7. Determine n(g).
0
Let h(r) = -2*r - 5. Let u(v) = 3*v + 9. Let l(o) = 5*h(o) + 3*u(o). Give l(3).
-1
Let z(g) = -g**2 + 3*g + 7. Let t be z(5). Let j(s) = -2*s - 5 - 2 + 2 + 2. Give j(t).
3
Let z be -2 + 3/3*-1. Let b(p) = 7*p**2 + 7*p - 2. Let 